{"id":308,"date":"2020-03-10T20:27:39","date_gmt":"2020-03-10T20:27:39","guid":{"rendered":"http:\/\/stamm-sma.de\/?page_id=308"},"modified":"2020-03-10T20:27:39","modified_gmt":"2020-03-10T20:27:39","slug":"das-achental","status":"publish","type":"page","link":"http:\/\/stamm-sma.de\/?page_id=308","title":{"rendered":"Das Achental"},"content":{"rendered":"<p>Einige Besonderheiten des Achentals:<\/p>\n<ul>\n<li>Kendlm\u00fchlfilzen (Moor) mit tollen Wanderwegen<\/li>\n<li>Naturlehrpfad (da haben wir mit gebaut) nur 20 Minuten zu Fu\u00df entfernt<\/li>\n<li>Wander- und Radwege<\/li>\n<li>Almen<\/li>\n<li>Fluss Tiroler Ache mit sch\u00f6nen Kies- und Sandb\u00e4nke<\/li>\n<li>Segelflugschule Unterw\u00f6ssen<\/li>\n<\/ul>\n<p>&#8230; und noch vieles mehr wartet hier auf euch!<\/p>\n\n<p><em>Quelle Bild: bergfex.de<\/em><\/p>\n\n\n<p><\/p>\n","protected":false},"excerpt":{"rendered":"<p>Einige Besonderheiten des Achentals: Kendlm\u00fchlfilzen (Moor) mit tollen Wanderwegen Naturlehrpfad (da haben wir mit gebaut) nur 20 Minuten zu Fu\u00df entfernt Wander- und Radwege Almen Fluss Tiroler Ache mit sch\u00f6nen Kies- und Sandb\u00e4nke Segelflugschule Unterw\u00f6ssen &#8230; und noch vieles mehr wartet hier auf euch! Quelle Bild: bergfex.de<\/p>\n","protected":false},"author":1,"featured_media":315,"parent":0,"menu_order":0,"comment_status":"closed","ping_status":"closed","template":"","meta":{"ngg_post_thumbnail":0},"_links":{"self":[{"href":"http:\/\/stamm-sma.de\/index.php?rest_route=\/wp\/v2\/pages\/308"}],"collection":[{"href":"http:\/\/stamm-sma.de\/index.php?rest_route=\/wp\/v2\/pages"}],"about":[{"href":"http:\/\/stamm-sma.de\/index.php?rest_route=\/wp\/v2\/types\/page"}],"author":[{"embeddable":true,"href":"http:\/\/stamm-sma.de\/index.php?rest_route=\/wp\/v2\/users\/1"}],"replies":[{"embeddable":true,"href":"http:\/\/stamm-sma.de\/index.php?rest_route=%2Fwp%2Fv2%2Fcomments&post=308"}],"version-history":[{"count":4,"href":"http:\/\/stamm-sma.de\/index.php?rest_route=\/wp\/v2\/pages\/308\/revisions"}],"predecessor-version":[{"id":316,"href":"http:\/\/stamm-sma.de\/index.php?rest_route=\/wp\/v2\/pages\/308\/revisions\/316"}],"wp:featuredmedia":[{"embeddable":true,"href":"http:\/\/stamm-sma.de\/index.php?rest_route=\/wp\/v2\/media\/315"}],"wp:attachment":[{"href":"http:\/\/stamm-sma.de\/index.php?rest_route=%2Fwp%2Fv2%2Fmedia&parent=308"}],"curies":[{"name":"wp","href":"https:\/\/api.w.org\/{rel}","templated":true}]}}

<p>Einige Besonderheiten des Achentals:</p>
<ul>
<li>Kendlmühlfilzen (Moor) mit tollen Wanderwegen</li>
<li>Naturlehrpfad (da haben wir mit gebaut) nur 20 Minuten zu Fuß entfernt</li>
<li>Wander- und Radwege</li>
<li>Almen</li>
<li>Fluss Tiroler Ache mit schönen Kies- und Sandbänke</li>
<li>Segelflugschule Unterwössen</li>
</ul>
<p>&#8230; und noch vieles mehr wartet hier auf euch!</p>

<p><em>Quelle Bild: bergfex.de</em></p>


<p></p>

<p>Einige Besonderheiten des Achentals: Kendlmühlfilzen (Moor) mit tollen Wanderwegen Naturlehrpfad (da haben wir mit gebaut) nur 20 Minuten zu Fuß entfernt Wander- und Radwege Almen Fluss Tiroler Ache mit schönen Kies- und Sandbänke Segelflugschule Unterwössen &#8230; und noch vieles mehr wartet hier auf euch! Quelle Bild: bergfex.de</p>
