{"id":280,"date":"2020-02-20T21:27:39","date_gmt":"2020-02-20T21:27:39","guid":{"rendered":"http:\/\/stamm-sma.de\/?page_id=280"},"modified":"2020-02-28T10:17:36","modified_gmt":"2020-02-28T10:17:36","slug":"marktgemeinde-grassau","status":"publish","type":"page","link":"http:\/\/stamm-sma.de\/?page_id=280","title":{"rendered":"Marktgemeinde Grassau"},"content":{"rendered":"<p>Die Marktgemeinde Grassau liegt im Landkreis Traunstein.<br \/>\nSie hat knapp 6500 Einwohner und ist die gr\u00f6\u00dfte Gemeinde im Achental.<\/p>\n<p>Grassau bietet eine Vielzahl an Kultur- und Freizeitm\u00f6glichkeiten und ist zudem ein hervorragender Startpunkt f\u00fcr viele weitere Ausflugsziele in der Region.<\/p>\n<p>Der Ort hat zudem eine vielf\u00e4ltige Gesch\u00e4ftswelt. Im Bereich Lebensmittel gibt es vom regionalen Bauernmarkt bis zu den bekannten Discountern alles.<\/p>\n<p>Weitere Infos gibt&#8217;s <a href=\"https:\/\/www.grassau.de\/\">hier<\/a>.<\/p>\n<p><em>Quelle Bild: bergfex.de<\/em><\/p>\n","protected":false},"excerpt":{"rendered":"<p>Die Marktgemeinde Grassau liegt im Landkreis Traunstein. Sie hat knapp 6500 Einwohner und ist die gr\u00f6\u00dfte Gemeinde im Achental. Grassau bietet eine Vielzahl an Kultur- und Freizeitm\u00f6glichkeiten und ist zudem ein hervorragender Startpunkt f\u00fcr viele weitere Ausflugsziele in der Region. Der Ort hat zudem eine vielf\u00e4ltige Gesch\u00e4ftswelt. Im Bereich Lebensmittel gibt es vom regionalen Bauernmarkt [&hellip;]<\/p>\n","protected":false},"author":1,"featured_media":281,"parent":0,"menu_order":0,"comment_status":"closed","ping_status":"closed","template":"","meta":{"ngg_post_thumbnail":0},"_links":{"self":[{"href":"http:\/\/stamm-sma.de\/index.php?rest_route=\/wp\/v2\/pages\/280"}],"collection":[{"href":"http:\/\/stamm-sma.de\/index.php?rest_route=\/wp\/v2\/pages"}],"about":[{"href":"http:\/\/stamm-sma.de\/index.php?rest_route=\/wp\/v2\/types\/page"}],"author":[{"embeddable":true,"href":"http:\/\/stamm-sma.de\/index.php?rest_route=\/wp\/v2\/users\/1"}],"replies":[{"embeddable":true,"href":"http:\/\/stamm-sma.de\/index.php?rest_route=%2Fwp%2Fv2%2Fcomments&post=280"}],"version-history":[{"count":4,"href":"http:\/\/stamm-sma.de\/index.php?rest_route=\/wp\/v2\/pages\/280\/revisions"}],"predecessor-version":[{"id":296,"href":"http:\/\/stamm-sma.de\/index.php?rest_route=\/wp\/v2\/pages\/280\/revisions\/296"}],"wp:featuredmedia":[{"embeddable":true,"href":"http:\/\/stamm-sma.de\/index.php?rest_route=\/wp\/v2\/media\/281"}],"wp:attachment":[{"href":"http:\/\/stamm-sma.de\/index.php?rest_route=%2Fwp%2Fv2%2Fmedia&parent=280"}],"curies":[{"name":"wp","href":"https:\/\/api.w.org\/{rel}","templated":true}]}}

<p>Die Marktgemeinde Grassau liegt im Landkreis Traunstein.<br />
Sie hat knapp 6500 Einwohner und ist die größte Gemeinde im Achental.</p>
<p>Grassau bietet eine Vielzahl an Kultur- und Freizeitmöglichkeiten und ist zudem ein hervorragender Startpunkt für viele weitere Ausflugsziele in der Region.</p>
<p>Der Ort hat zudem eine vielfältige Geschäftswelt. Im Bereich Lebensmittel gibt es vom regionalen Bauernmarkt bis zu den bekannten Discountern alles.</p>
<p>Weitere Infos gibt&#8217;s <a href="https://www.grassau.de/">hier</a>.</p>
<p><em>Quelle Bild: bergfex.de</em></p>

<p>Die Marktgemeinde Grassau liegt im Landkreis Traunstein. Sie hat knapp 6500 Einwohner und ist die größte Gemeinde im Achental. Grassau bietet eine Vielzahl an Kultur- und Freizeitmöglichkeiten und ist zudem ein hervorragender Startpunkt für viele weitere Ausflugsziele in der Region. Der Ort hat zudem eine vielfältige Geschäftswelt. Im Bereich Lebensmittel gibt es vom regionalen Bauernmarkt [&hellip;]</p>
