{"id":169,"date":"2020-02-19T15:33:51","date_gmt":"2020-02-19T15:33:51","guid":{"rendered":"http:\/\/stamm-sma.de\/?page_id=169"},"modified":"2023-06-07T22:34:58","modified_gmt":"2023-06-07T22:34:58","slug":"die-stammesfuehrung","status":"publish","type":"page","link":"http:\/\/stamm-sma.de\/?page_id=169","title":{"rendered":"Die Stammesf\u00fchrung"},"content":{"rendered":"\n<div class=\"wp-block-image\"><figure class=\"aligncenter size-large is-resized\"><img loading=\"lazy\" src=\"http:\/\/stamm-sma.de\/wp-content\/uploads\/2022\/03\/IMG-20220204-WA0021-1-1024x576.jpg\" alt=\"\" class=\"wp-image-707\" width=\"672\" height=\"384\"\/><figcaption><em>Michi und Christina (links) \u00fcbergeben das Steuerrad an die neue Stammesf\u00fchrer*innen Bene, Annalena und Marvin<\/em> (rechts)<\/figcaption><\/figure><\/div>\n\n\n<div class=\"box\">\n<div id=\"c178\" class=\"frame frame-default frame-type-textmedia frame-layout-0\"><header>\n<h3 class=\"bdp-yellow \">Unsere Stammesf\u00fchrung ab Februar 2022<\/h3>\n<\/header>\n<div class=\"ce-textpic ce-center ce-above\">\n<div class=\"ce-bodytext\">\n<p class=\"header-blaugelb\">Im Februar 2022 hat die Stammesversammlung die neue Stammesf\u00fchrung gew\u00e4hlt:<\/p>\n<p><strong>1. Stammesf\u00fchrer: &nbsp;<\/strong>&nbsp; &nbsp; &nbsp; &nbsp; &nbsp; &nbsp; &nbsp; &nbsp; &nbsp; Bene Stecher<br><strong>Stellv. Stammesf\u00fchrerin:&nbsp; &nbsp; &nbsp; &nbsp; &nbsp;<\/strong> Annalena Rengis<br><strong>Stellv. Stammesf\u00fchrer:&nbsp; &nbsp; &nbsp; &nbsp; &nbsp; &nbsp;&nbsp;<\/strong> Marvin Meier<\/p>\n<p><strong>Schatzmeisterin:<\/strong>&nbsp; &nbsp; &nbsp; &nbsp; &nbsp; &nbsp; &nbsp; &nbsp; &nbsp; &nbsp; &nbsp; &nbsp;Christina Irger<\/p>\n<p>Die neue Stammesf\u00fchrung ist \u00fcber die Info-Mailadresse erreichbar:<br><a href=\"mailto:info@stamm-sma.de\">info@stamm-sma.de<\/a>&nbsp;<\/p>\n<p><a href=\"http:\/\/stamm-sma.de\/?page_id=18\">(siehe Seite &#8222;Kontakt&#8220;)<\/a>.<\/p>\n<\/div>\n<\/div>\n<\/div>\n<\/div>\n\n\n<p><\/p>\n","protected":false},"excerpt":{"rendered":"<p>Unsere Stammesf\u00fchrung ab Februar 2022 Im Februar 2022 hat die Stammesversammlung die neue Stammesf\u00fchrung gew\u00e4hlt: 1. Stammesf\u00fchrer: &nbsp;&nbsp; &nbsp; &nbsp; &nbsp; &nbsp; &nbsp; &nbsp; &nbsp; &nbsp; Bene StecherStellv. Stammesf\u00fchrerin:&nbsp; &nbsp; &nbsp; &nbsp; &nbsp; Annalena RengisStellv. Stammesf\u00fchrer:&nbsp; &nbsp; &nbsp; &nbsp; &nbsp; &nbsp;&nbsp; Marvin Meier Schatzmeisterin:&nbsp; &nbsp; &nbsp; &nbsp; &nbsp; &nbsp; &nbsp; &nbsp; &nbsp; &nbsp; &nbsp; &nbsp;Christina [&hellip;]<\/p>\n","protected":false},"author":1,"featured_media":0,"parent":0,"menu_order":0,"comment_status":"closed","ping_status":"closed","template":"","meta":{"ngg_post_thumbnail":0},"_links":{"self":[{"href":"http:\/\/stamm-sma.de\/index.php?rest_route=\/wp\/v2\/pages\/169"}],"collection":[{"href":"http:\/\/stamm-sma.de\/index.php?rest_route=\/wp\/v2\/pages"}],"about":[{"href":"http:\/\/stamm-sma.de\/index.php?rest_route=\/wp\/v2\/types\/page"}],"author":[{"embeddable":true,"href":"http:\/\/stamm-sma.de\/index.php?rest_route=\/wp\/v2\/users\/1"}],"replies":[{"embeddable":true,"href":"http:\/\/stamm-sma.de\/index.php?rest_route=%2Fwp%2Fv2%2Fcomments&post=169"}],"version-history":[{"count":8,"href":"http:\/\/stamm-sma.de\/index.php?rest_route=\/wp\/v2\/pages\/169\/revisions"}],"predecessor-version":[{"id":787,"href":"http:\/\/stamm-sma.de\/index.php?rest_route=\/wp\/v2\/pages\/169\/revisions\/787"}],"wp:attachment":[{"href":"http:\/\/stamm-sma.de\/index.php?rest_route=%2Fwp%2Fv2%2Fmedia&parent=169"}],"curies":[{"name":"wp","href":"https:\/\/api.w.org\/{rel}","templated":true}]}}

Die Stammesführung

<div class="wp-block-image"><figure class="aligncenter size-large is-resized"><img loading="lazy" src="http://stamm-sma.de/wp-content/uploads/2022/03/IMG-20220204-WA0021-1-1024x576.jpg" alt="" class="wp-image-707" width="672" height="384"/><figcaption><em>Michi und Christina (links) übergeben das Steuerrad an die neue Stammesführer*innen Bene, Annalena und Marvin</em> (rechts)</figcaption></figure></div>


<div class="box">
<div id="c178" class="frame frame-default frame-type-textmedia frame-layout-0"><header>
<h3 class="bdp-yellow ">Unsere Stammesführung ab Februar 2022</h3>
</header>
<div class="ce-textpic ce-center ce-above">
<div class="ce-bodytext">
<p class="header-blaugelb">Im Februar 2022 hat die Stammesversammlung die neue Stammesführung gewählt:</p>
<p><strong>1. Stammesführer: &nbsp;</strong>&nbsp; &nbsp; &nbsp; &nbsp; &nbsp; &nbsp; &nbsp; &nbsp; &nbsp; Bene Stecher<br><strong>Stellv. Stammesführerin:&nbsp; &nbsp; &nbsp; &nbsp; &nbsp;</strong> Annalena Rengis<br><strong>Stellv. Stammesführer:&nbsp; &nbsp; &nbsp; &nbsp; &nbsp; &nbsp;&nbsp;</strong> Marvin Meier</p>
<p><strong>Schatzmeisterin:</strong>&nbsp; &nbsp; &nbsp; &nbsp; &nbsp; &nbsp; &nbsp; &nbsp; &nbsp; &nbsp; &nbsp; &nbsp;Christina Irger</p>
<p>Die neue Stammesführung ist über die Info-Mailadresse erreichbar:<br><a href="mailto:info@stamm-sma.de">info@stamm-sma.de</a>&nbsp;</p>
<p><a href="http://stamm-sma.de/?page_id=18">(siehe Seite &#8222;Kontakt&#8220;)</a>.</p>
</div>
</div>
</div>
</div>


<p></p>

<p>Unsere Stammesführung ab Februar 2022 Im Februar 2022 hat die Stammesversammlung die neue Stammesführung gewählt: 1. Stammesführer: &nbsp;&nbsp; &nbsp; &nbsp; &nbsp; &nbsp; &nbsp; &nbsp; &nbsp; &nbsp; Bene StecherStellv. Stammesführerin:&nbsp; &nbsp; &nbsp; &nbsp; &nbsp; Annalena RengisStellv. Stammesführer:&nbsp; &nbsp; &nbsp; &nbsp; &nbsp; &nbsp;&nbsp; Marvin Meier Schatzmeisterin:&nbsp; &nbsp; &nbsp; &nbsp; &nbsp; &nbsp; &nbsp; &nbsp; &nbsp; &nbsp; &nbsp; &nbsp;Christina [&hellip;]</p>
